3*l + 3*h = -13 - 2, -4*l + 16 = -2*h. Let f be l/(-4) - 55/(-20). Calculate the greatest common divisor of f and 18.
2
Suppose 0 = 3*s - 5*f - 31, 0 = -2*s - 6*f + f + 54. Let x = s + 109. Calculate the greatest common factor of x and 14.
14
Let i = -11 + 17. Suppose 11*a - 4*a - 28 = 0. Calculate the greatest common divisor of i and a.
2
Suppose -9 = -r + 9. Let m(k) be the third derivative of -23*k**4/24 - k**3/6 - 2*k**2. Let f be m(-2). Calculate the highest common factor of f and r.
9
Let o be 9 + -1 + 36/(-12). Suppose -8 = -q + 2*i, o*q - 12 = 3*i + 14. What is the greatest common divisor of q and 12?
4
Let j(p) = p**2 - 6*p + 4. Let u = 2 - 5. Let v = 3 - u. Let q be j(v). What is the highest common factor of q and 12?
4
Let v = 71 + -35. Calculate the greatest common factor of 48 and v.
12
Let h(y) = y**3 + 8*y**2 - 9*y + 9. Let i be h(-7). Let v be (6/(-4))/(-3)*4. Suppose v*a - i = a. Calculate the highest common factor of a and 11.
11
Let o = 34 + -23. What is the highest common factor of o and 154?
11
Let v(j) = j**3 + 6*j**2 - 10*j - 17. Let w be v(-7). Suppose g + 0 = w. Calculate the highest common divisor of g and 32.
4
Let v(g) = -g - 7. Let a be v(-9). Suppose z + 38 = a*t - 13, -5*t - z = -117. What is the greatest common divisor of 12 and t?
12
Suppose 4*z + 369 = 3*v, -3*v - 5*z + z = -345. Calculate the greatest common divisor of 17 and v.
17
Suppose 0 = -5*v + 10*v - 15. Let m be (1 - 3/(-9))*v. Calculate the greatest common divisor of m and 16.
4
Let w = -460 - -649. Calculate the highest common divisor of 21 and w.
21
Suppose 3*x = -3 + 18. Let w(v) = v + 3. Let t be w(x). What is the highest common divisor of t and 88?
8
Suppose 0 = 2*i - 2*n - 26, 0 = -4*i - 5*n + 20 + 32. Let z = 34 + -21. Calculate the greatest common factor of i and z.
13
Suppose -5*j + 4*c + 128 = 0, -3*j = 3*c + c - 96. Let q = -8 + 15. Calculate the highest common divisor of q and j.
7
Let o(w) = w**2 - w + 5. Let x be o(4). Let n = 138 - x. What is the highest common divisor of n and 11?
11
Let d(b) = -2*b**2 - 10*b + 15. Let k be d(6). Let q = -69 - k. What is the greatest common factor of 24 and q?
24
Let n = -4 + 13. Let b = n - 4. Let k be 4/((b/2)/5). What is the highest common divisor of k and 4?
4
Let d be -7*(6 + -4 + -4). Suppose 2*g - 3*s - d = -1, 0 = 2*g + 3*s - 43. Calculate the highest common factor of 35 and g.
7
Let t be (2/(-2) - -1) + 52. Suppose -4*d + t = -0*d. Calculate the highest common factor of 117 and d.
13
Let a be 6 + 1*(3 - 2). Suppose -5*o = 5*g - 380, 3*g = -0*g + o + 232. What is the greatest common divisor of g and a?
7
Suppose 36 = -c + 5*c. What is the greatest common factor of c and 81?
9
Suppose -5*o - 2*i - 3*i = 0, -5*o + 2*i = -7. Let d(j) = 19*j**3 + j. Let n be d(o). Calculate the greatest common factor of 8 and n.
4
Let b = 912 + -647. Calculate the greatest common divisor of b and 106.
53
Suppose -4*x + 2*x = -16. Suppose 4*i + 2*w + 10 = 2*i, 0 = i + 2*w + 6. Let d be 32/3*(-12)/i. What is the greatest common divisor of x and d?
8
Suppose -2*v + v = 3*n - 19, -4*v + 24 = -n. Let f be 377/6 - (-7)/42. What is the greatest common divisor of v and f?
7
Suppose 5*i - 4 - 1 = 0. What is the greatest common divisor of 11 and i?
1
Let h(l) = l**3 + 7*l**2 - 11*l + 6. Let z be h(-8). Suppose -b - 4 = -5*j - z, 5*b = -5*j + 70. Calculate the highest common factor of 112 and b.
16
Let b = -19 + 44. Calculate the highest common factor of 5 and b.
5
Let q(p) = -p**2 - 9*p + 2. Let o be q(-11). Let m = 1 - o. Let y be (-4)/(-14) - (-120)/m. Calculate the highest common factor of y and 15.
3
Let n(i) = 4*i**2 - i**2 - 2 + 3*i - i**3 - 2. Let m be n(3). Suppose 5*k + 0*k = -m, 0 = 3*u + k - 38. What is the greatest common factor of 104 and u?
13
Suppose q = -2*q - 3. Let n(t) be the third derivative of -13*t**4/24 - t**3/6 - 5*t**2. Let v be n(q). What is the greatest common divisor of v and 3?
3
Let l = 6 - -90. Let r be 1 - 11*1*-1. Calculate the highest common factor of r and l.
12
Let y = -43 - -76. Suppose -y = -4*o - 9. What is the greatest common divisor of 30 and o?
6
Let h be 0 - (-2)/((-8)/(-420)). Calculate the greatest common divisor of h and 15.
15
Let t(r) = 4*r**3 + r**2 + r + 2. Let f be t(2). Suppose -5*k + 175 = f. What is the highest common divisor of 189 and k?
27
Let v = -3 + 11. Let z(y) = 70*y + 2. Let l be z(1). What is the greatest common divisor of l and v?
8
Suppose -3*a - 2*y + 102 + 56 = 0, 0 = -2*a + y + 96. Calculate the greatest common divisor of a and 10.
10
Suppose 3*j = -0 + 45. Calculate the greatest common divisor of j and 195.
15
Let a(z) be the second derivative of z**5/20 - z**4/6 + z**3/3 - z**2/2 + 2*z. Let m = -6 + 8. Let q be a(m). Calculate the greatest common factor of 9 and q.
3
Let w(v) = v**3 + 7*v**2 + 3. Let k be w(-7). Suppose -k*t = -i + 79, 2*i - 31 = -t + 92. What is the highest common divisor of 8 and i?
8
Let p(h) = h**3 + 3*h**2 - 3. Let r be p(-3). Let t be (-11)/(10/4 + r). What is the highest common divisor of 2 and t?
2
Let t = -142 + 202. Calculate the greatest common factor of 15 and t.
15
Let j = -43 - -72. Suppose 5*c + 9 - j = 0. Suppose 2*f + 3*t - 12 - 1 = 0, 3*t = c*f - 71. What is the greatest common factor of 70 and f?
14
Let m(c) be the third derivative of c**5/60 - c**4/12 - 7*c**3/6 - 5*c**2. Let w be m(5). What is the greatest common divisor of w and 64?
8
Suppose -4*a + 595 = a. Suppose -5*r + 5*u = 0, -3*r + 8*r + 12 = 2*u. Let y = 21 + r. What is the greatest common factor of y and a?
17
Suppose -5*w = -0*w - 35. Let x(b) = b**3 - 8*b**2 + 9*b - 9. Let q be x(w). Calculate the highest common divisor of 20 and q.
5
Let o(x) = x**2 + 7*x - 8. Let s be o(-9). Let q be 6/(-15) - (-1454)/s. What is the greatest common factor of 58 and q?
29
Let b be ((-4)/(-6))/((-20)/30). Let h be (1*96)/(b/(-2)). Suppose -3*n + 6*n - h = 0. Calculate the highest common factor of n and 16.
16
Let g be (1 - 0)*18*90/270. What is the greatest common divisor of g and 138?
6
Suppose o + 2*n = -2, 2*o - 32 = -3*o + 4*n. Calculate the greatest common factor of o and 3.
1
Let a = 78 - 51. What is the greatest common factor of 9 and a?
9
Suppose 0 = z - 6 - 4. Let k = -18 + z. Let f = k - -28. What is the greatest common factor of f and 8?
4
Let t = 64 + -36. Calculate the highest common divisor of t and 14.
14
Let h(k) = k**2 + k. Let r be h(3). What is the greatest common factor of 8 and r?
4
Suppose -18*k + 12 = -14*k. Calculate the greatest common divisor of 21 and k.
3
Let z(l) = -l**2 + 7*l - 2. Let u be z(5). Suppose 14*c = 19*c - 60. What is the highest common divisor of c and u?
4
Suppose 5*x - 14 = -4. Suppose 2*s = -8, -4*s = -x*k + 3 + 31. What is the greatest common divisor of 72 and k?
9
Suppose 782 = 4*b + 3*m + 2*m, -190 = -b - 4*m. What is the highest common divisor of b and 18?
18
Let r(k) = -k**2 - 7*k + 6. Let y be r(-6). Suppose -2*n - 144 = -5*n. Calculate the greatest common factor of y and n.
12
Let p = -9 + 35. What is the highest common factor of p and 65?
13
Let d = 5 - 7. Let m(h) be the first derivative of -3*h**2/2 - 1. Let v be m(d). What is the greatest common divisor of v and 4?
2
Let a(m) = -m**3 + 4*m**2 + 6*m - 2. Let g be a(5). Let u = -43 - -64. Calculate the highest common factor of g and u.
3
Suppose 2*v - 5 = 3. Calculate the highest common divisor of v and 44.
4
Let h be -4 - (-5)/((-25)/(-115)). Calculate the highest common divisor of h and 152.
19
Let f be (-2*(-4)/(-20))/((-2)/30). Let s = 1 + 2. Suppose -4*b - 22 = -r, -2*r + 4*b = s*r - 94. Calculate the highest common factor of f and r.
6
Suppose 3*p - 7*p + 56 = 0. Suppose 0*s + 4*y = 2*s - 248, -s - y + 127 = 0. What is the greatest common factor of p and s?
14
Let z(d) be the second derivative of 0 - 1/12*d**4 - 3*d**2 - 11/6*d**3 - d. Let f be z(-4). What is the greatest common divisor of 88 and f?
22
Suppose m - 18 = 1. Calculate the highest common divisor of 209 and m.
19
Let b = 34 + -13. Calculate the greatest common factor of 14 and b.
7
Let c be (-1 - -3)*(-35)/(-14). Suppose z - 1 = c. Calculate the greatest common divisor of 2 and z.
2
Suppose 3*d = 3*o, 0 = -2*d - 4*o + 5*o - 3. Let p be (1 + 4/(-3))*d. Let k be 33/2 - p/(-2). Calculate the greates